 -x**3 + 35*x**2 + 38*x - 63. Give v(36).
9
Let t(w) = -w**2 + 31*w - 103. Determine t(4).
5
Let l(r) = 6*r**2 - 23*r - 3. Calculate l(4).
1
Let s(z) = z**3 + 6*z**2 + 2*z - 3. What is s(-5)?
12
Let l(o) = 55*o**3 + 3*o - 3. Determine l(1).
55
Let g(n) = n**3 - 5*n**2 - 12*n + 32. Determine g(6).
-4
Let w(u) = u**3 - 43*u**2 + 4*u - 155. What is w(43)?
17
Let u(h) = -2*h**2 + 39*h + 26. Calculate u(19).
45
Let p(q) = q**3 + 14*q**2 - 39*q - 77. What is p(-16)?
35
Let i(g) = g**3 - g**2 + 36*g + 74. Give i(-2).
-10
Let d(f) = -f**2 - f - 26. What is d(0)?
-26
Let h(o) = o - 21. What is h(0)?
-21
Let t(x) = x - 10. Determine t(9).
-1
Let n(a) = -8*a. Calculate n(3).
-24
Let b(s) = -s**2 + 16*s + 16. What is b(17)?
-1
Let c(y) = y**2 + 5*y - 6. Calculate c(-7).
8
Let v(b) = -2*b**3 + 7*b**2 + 9*b - 12. Calculate v(6).
-138
Let w(l) = l**2 - l + 2. Calculate w(8).
58
Let t(q) = q**3 - 8*q**2 - 4*q - 23. Give t(8).
-55
Let h(z) = -z**3 + 24*z**2 - z + 18. Determine h(24).
-6
Let h(z) = -z**2 - 10*z - 5. Give h(-8).
11
Let t(a) = -a**3 - 2*a**2 + 6*a - 4. Calculate t(-3).
-13
Let f(g) = -2*g + 18. What is f(16)?
-14
Let a(z) = -z**3 - 4*z**2 - 4*z - 25. Calculate a(-4).
-9
Let q(x) = -x**3 - 12*x**2 + 26*x - 27. Give q(-14).
1
Let q(l) = 3*l**2 - 7*l - 1. Give q(6).
65
Let n(y) = -14*y - 14. Calculate n(-5).
56
Let o(h) = -14*h + 8. Determine o(4).
-48
Let z(d) = -d**2 + 2*d + 1. Calculate z(-1).
-2
Let j(v) = 17*v - 33. Calculate j(0).
-33
Let i(w) = w - 7. Calculate i(4).
-3
Let t(j) = -47*j - 4. Determine t(0).
-4
Let d(o) = o**2 + 3*o - 105. Give d(8).
-17
Let d(l) = -9*l + 2. Determine d(-3).
29
Let s(p) = -3*p**2 - 4*p + 6. Give s(-3).
-9
Let y(s) = -s**3 + s**2 - s + 1. Give y(2).
-5
Let a(x) = -13*x**2 + 2*x - 1. Give a(2).
-49
Let u(l) = l**3 + 8*l**2 + 14*l + 2. Give u(-6).
-10
Let r(v) = 2*v + 23. What is r(-14)?
-5
Let c(u) = u**3 - 44*u**2 - 96*u + 144. Calculate c(46).
-40
Let k(r) = -r**2 - 4*r + 12. Give k(4).
-20
Let k(m) = 2*m + 44. What is k(-25)?
-6
Let f(i) = 5*i - 3. Calculate f(-11).
-58
Let y(s) = -2*s. Determine y(3).
-6
Let k(i) = i**3 - 24*i**2 - 4*i + 29. Calculate k(24).
-67
Let t(v) = v**2 - 7*v + 16. Determine t(4).
4
Let o(x) = -2*x**3 + 49*x**2 - 24*x - 1. Give o(24).
-1
Let g(s) = -8*s + 88. Calculate g(14).
-24
Let y(u) = 10*u**2 - 16*u + 13. What is y(1)?
7
Let i(n) = -8*n + 29. Give i(12).
-67
Let u(t) = -t - 8. Calculate u(12).
-20
Let t(r) = -r**2 + 14*r + 21. What is t(16)?
-11
Let f(y) = 23*y + 6. Give f(0).
6
Let k(d) = d**3 - 4*d**2 - 1. Give k(3).
-10
Let w(c) = 10*c + 16. Give w(-4).
-24
Let u(k) = k**3 - 5*k**2 - k + 6. Calculate u(5).
1
Let z(k) = -k**2 - 19*k - 17. Calculate z(-16).
31
Let c(b) = -2*b - 19. What is c(-6)?
-7
Let r(o) = -o**2 - 13*o - 8. Calculate r(-12).
4
Let v(w) = w**3 - 21*w**2 - 3*w + 65. Determine v(21).
2
Let l(p) = 16*p + 115. Give l(-7).
3
Let q(f) = -2*f + 3. What is q(6)?
-9
Let s(f) = -2*f + 2. What is s(-11)?
24
Let b(z) = z**3 + 4*z**2 - z + 11. What is b(-5)?
-9
Let x(w) = 8*w**2 - 1. What is x(-1)?
7
Let i(l) = l**3 - 8*l**2 - 9*l - 8. Calculate i(9).
-8
Let o(s) = -s**2 - 6*s - 9. Determine o(-3).
0
Let v(x) = x**3 + 8*x**2 - 10*x + 3. Give v(-9).
12
Let i(y) = -y**2 + 7*y - 6. What is i(11)?
-50
Let k(v) = v - 13. Give k(-4).
-17
Let n(r) = 3*r**2 - 9*r - 1. What is n(4)?
11
Let k(w) = w**3 - w**2 - 2*w - 7. Calculate k(3).
5
Let r(f) = 4*f**3 - 6*f**2 - 5*f + 24. Determine r(4).
164
Let u(k) = -k**2 + 4*k + 9. Determine u(6).
-3
Let j(q) = -q**2 + 12*q + 30. Give j(14).
2
Let g(j) = j**3 - 10*j**2 - 14*j + 23. Calculate g(11).
-10
Let s(h) = 2*h**3 - 21*h**2 - 2*h - 1. Calculate s(10).
-121
Let b(f) = 18*f - 383. Calculate b(21).
-5
Let u(a) = a**2 - 6*a + 13. Calculate u(4).
5
Let n(b) = b**2 - 17*b - 57. Determine n(16).
-73
Let r(i) = -2*i**3 + 4*i**2 + 3*i + 3. Calculate r(3).
-6
Let k(b) = b**3 - b**2 + 3*b + 9. Calculate k(-3).
-36
Let z(l) = 2*l**2 + 12*l - 2. Determine z(-10).
78
Let x(o) = 4*o**2 + 9*o - 15. Calculate x(5).
130
Let u(p) = 24*p**3 - 2*p**2 - p + 1. What is u(-1)?
-24
Let a(n) = n**2 + 18*n + 28. Determine a(-14).
-28
Let c(w) = -2*w**2 - 37*w - 165. Give c(-7).
-4
Let n(d) = -d**2 + d + 20. Determine n(-14).
-190
Let d(w) = w**2 + 6*w - 15. Calculate d(-7).
-8
Let c(u) = u - 26. Give c(31).
5
Let b(n) = n - 22. Give b(9).
-13
Let t(a) = -a**2 + 11*a + 15. Determine t(13).
-11
Let k(s) = 8*s**2 - 3*s + 1. Calculate k(2).
27
Let n(f) = f**3 + 3*f**2 - 5*f. Give n(-5).
-25
Let w(b) = -b**3 - 2*b**2 + 13*b + 24. Determine w(-4).
4
Let m(v) = -v**3 - 19*v**2 + 21*v + 15. What is m(-20)?
-5
Let z(w) = w**2 - 6*w + 6. Determine z(6).
6
Let r(h) = 14*h**2 - 2*h + 1. Determine r(2).
53
Let o(s) = s**3 - 10*s**2 + 6*s - 2. Give o(8).
-82
Let r(y) = -2*y**2 + 62*y + 207. Calculate r(34).
3
Let k(v) = 3*v - 22. What is k(9)?
5
Let v(o) = -3*o**3 + 3*o**2 - 4*o + 5. Determine v(2).
-15
Let w(t) = -t**3 - 6*t**2 - 8*t - 9. What is w(-6)?
39
Let x(l) = -4*l**2 - 19*l - 12. What is x(-5)?
-17
Let m(l) = 2*l. Calculate m(10).
20
Let s(w) = -w**3 + 11*w**2 + 12*w - 12. What is s(11)?
120
Let w(a) = -a**2 - 11*a - 28. Calculate w(-8).
-4
Let b(c) = -4*c - 38. What is b(-10)?
2
Let x(g) = g**3 - 2*g**2 + 2*g + 1. Calculate x(2).
5
Let u(s) = 2*s**3 - 50*s**2 + 49*s - 30. What is u(24)?
-6
Let c(u) = u**3 - 3*u**2 + 3*u - 4. What is c(3)?
5
Let i(r) = 2*r**2 + 23*r - 16. What is i(-12)?
-4
Let v(o) = o**3 + 15*o**2 + 18*o + 17. What is v(-14)?
-39
Let y(l) = -8*l - 72. Calculate y(-11).
16
Let p(n) = n - 2. Determine p(1).
-1
Let n(f) = f**2 - 4*f - 64. Calculate n(11).
13
Let u(b) = 2*b + 2. Calculate u(-1).
0
Let t(z) = -z - 4. What is t(0)?
-4
Let s(c) = c**3 - 29*c**2 + 78*c + 8. What is s(26)?
8
Let g(a) = a + 4. Give g(-2).
2
Let i(d) = 3*d + 2. Determine i(-8).
-22
Let w(q) = q**3 - 9*q**2 + 6. Determine w(9).
6
Let o(v) = v**3 + 6*v**2 - 2*v - 5. Determine o(-7).
-40
Let h(o) = -64*o - 57. Give h(-1).
7
Let l(t) = 5*t - 2. Give l(1).
3
Let o(c) = 17*c - 85. Calculate o(4).
-17
Let o(r) = -r**3 - 5*r**2 - 6*r - 2. Calculate o(-3).
-2
Let s(m) = 26*m - 91. What is s(4)?
13
Let d(q) = 8*q + 29. What is d(-6)?
-19
Let o(n) = 33*n + 1. Give o(1).
34
Let i(z) = -z**3 + 4*z**2 + 11*z - 9. Calculate i(-3).
21
Let d(v) = -3*v + 33. Calculate d(-8).
57
Let x(v) = -v**2 + 8*v - 10. Give x(3).
5
Let u(y) = -33*y - 3. Calculate u(-1).
30
Let b(m) = -m - 12. Determine b(-13).
1
Let h(v) = v + 7. What is h(-9)?
-2
Let f(s) = s + 6. Give f(-11).
-5
Let w(a) = -7*a - 39. What is w(-7)?
10
Let q(s) = -2*s**2 + 2*s - 1. Determine q(-2).
-13
Let z(m) = m**2 + 9*m + 6. Give z(-9).
6
Let x(h) = -h**3 + h**2 + 12*h - 12. Calculate x(3).
6
Let g(k) = 3*k - 2. Calculate g(3).
7
Let t(h) = -h**2 + 49*h + 133. What is t(52)?
-23
Let a(q) = -4*q + 40. Determine a(8).
8
Let m(f) = -10*f + 241. Determine m(25).
-9
Let v(o) = -4*o - 60. Give v(-9).
-24
Let p(f) = -5*f - 9. What is p(-6)?
21
Let x(k) = 10*k**3 + 5*k**2 - 5*k - 1. What is x(1)?
9
Let o(p) = 22*p**2 + 1. What is o(-1)?
23
Let w(r) = r**3 + 20*r**2 - 2*r - 15. Calculate w(-20).
25
Let d(a) = a**3 + 9*a**2 + 6*a - 11. Calculate d(-8).
5
Let a(k) = -k**2 + 20*k + 27. Give a(21).
6
Let v(u) = -9*u. What is v(-5)?
45
Let p(d) = d**2 + 2*d - 6. Give p(-5).
9
Let c(u) = u**2 + 8*u + 1. Give c(-10).
21
Let k(j) = -j**2 + 21*j + 2. Give k(15).
92
Let m(y) = -y**3 + 32*y**2 + y - 29. What is m(32)?
3
Let b(u) = -10*u + 198. What is b(19)?
8
Let v(c) = -2*c**2 + 202. Determine v(-10).
2
Let v(n) = n**2 + n - 150. Calculate v(0).
-150
Let k(u) = 10*u - 50. What is k(5)?
0
Let w(d) = 44*d**3 - d**2 + 1. Determine w(-1).
-44
Let y(w) = w - 23. Calculate y(19).
-4
Let z(b) = 3*b + 20. What is z(-9)?
-7
Let j(y) = y**3 + 10*y**2 + 11*y + 11. Determine j(-9).
-7
Let r(m) = 28*m**2 - 26*m - 26. Give r(-1).
28
Let c(r) = 12*r + 59. Calculate c(-3).
23
Let o(r) = 24*r - 8. Calculate o(3).
64
Let d(x) = x**3 + 10*x**2 + x + 3. Determine d(-10).
-7
Let i(z) = -z**3 - 6*z**2 - 8*z - 43. Determine i(-6).
5
Let s(z) = -z**3 - 9*z**2 - 7*z + 9. Calculate s(-8).
1
Let v(a) = a**2 + 6*a + 3. What is v(-7)?
10
Let b(i) = 37*i**2 + 9*i + 5. Determine b(-2).
135
Let k(w) = -5*w + 80. What is k(14)?
10
Let i(x) = -2*x**3 + 11*x**2 + 15*x + 17. Give